{"id":44,"date":"2017-02-16T12:14:40","date_gmt":"2017-02-16T12:14:40","guid":{"rendered":"https:\/\/raratheme.com\/preview\/restaurant-and-cafe\/?page_id=44"},"modified":"2023-01-16T15:14:02","modified_gmt":"2023-01-16T15:14:02","slug":"services","status":"publish","type":"page","link":"https:\/\/cukitorta.hu\/index.php\/services\/","title":{"rendered":"Bemutatkoz\u00e1s"},"content":{"rendered":"<p>V\u00e1llalom egyedi tort\u00e1k k\u00e9sz\u00edt\u00e9s\u00e9t saj\u00e1t elk\u00e9pzel\u00e9sek alapj\u00e1n. Formatort\u00e1k, f\u00e9nyk\u00e9pes tort\u00e1k \u00e9s \u00fcnnepi k\u00fcl\u00f6nleges tort\u00e1k egyedi elk\u00e9pzel\u00e9s alapj\u00e1n.<\/p>\n<p>F\u00e9nyk\u00e9pes tort\u00e1kat a k\u00edv\u00e1nt f\u00e9nyk\u00e9p alapj\u00e1n a v\u00e1lasztott form\u00e1j\u00fa \u00e9s \u00edz\u0171 \u00e9dess\u00e9gre, amely igazi meglepet\u00e9s lehet az \u00fcnnepeltnek.<\/p>\n<p>Tekintettel arra, hogy egyedi tort\u00e1k k\u00e9sz\u00edt\u00e9s\u00e9vel foglalkozom, a be\u00e9rkezett aj\u00e1nlatk\u00e9r\u00e9sek nem min\u0151s\u00fclnek megrendel\u00e9snek. Honlapon nem tartalmaz fogyaszt\u00f3i \u00e1rakat, mivel minden rendel\u00e9s\u00fcnk egyedi az \u00e1r meg\u00e1llap\u00edt\u00e1sa is kiz\u00e1r\u00f3lag az ig\u00e9nyek felm\u00e9r\u00e9s\u00e9t k\u00f6vet\u0151en t\u00f6rt\u00e9nik<\/p>\n","protected":false},"excerpt":{"rendered":"<p>V\u00e1llalom egyedi tort\u00e1k k\u00e9sz\u00edt\u00e9s\u00e9t saj\u00e1t elk\u00e9pzel\u00e9sek alapj\u00e1n. Formatort\u00e1k, f\u00e9nyk\u00e9pes tort\u00e1k \u00e9s \u00fcnnepi k\u00fcl\u00f6nleges tort\u00e1k egyedi elk\u00e9pzel\u00e9s alapj\u00e1n. F\u00e9nyk\u00e9pes tort\u00e1kat a k\u00edv\u00e1nt f\u00e9nyk\u00e9p alapj\u00e1n a v\u00e1lasztott form\u00e1j\u00fa \u00e9s \u00edz\u0171 \u00e9dess\u00e9gre, amely igazi meglepet\u00e9s lehet az \u00fcnnepeltnek. Tekintettel arra, hogy egyedi tort\u00e1k k\u00e9sz\u00edt\u00e9s\u00e9vel foglalkozom, a be\u00e9rkezett aj\u00e1nlatk\u00e9r\u00e9sek &hellip; <\/p>\n","protected":false},"author":1,"featured_media":271,"parent":0,"menu_order":0,"comment_status":"closed","ping_status":"closed","template":"","meta":{"two_page_speed":[],"footnotes":""},"class_list":["post-44","page","type-page","status-publish","has-post-thumbnail","hentry"],"_links":{"self":[{"href":"https:\/\/cukitorta.hu\/index.php\/wp-json\/wp\/v2\/pages\/44","targetHints":{"allow":["GET"]}}],"collection":[{"href":"https:\/\/cukitorta.hu\/index.php\/wp-json\/wp\/v2\/pages"}],"about":[{"href":"https:\/\/cukitorta.hu\/index.php\/wp-json\/wp\/v2\/types\/page"}],"author":[{"embeddable":true,"href":"https:\/\/cukitorta.hu\/index.php\/wp-json\/wp\/v2\/users\/1"}],"replies":[{"embeddable":true,"href":"https:\/\/cukitorta.hu\/index.php\/wp-json\/wp\/v2\/comments?post=44"}],"version-history":[{"count":2,"href":"https:\/\/cukitorta.hu\/index.php\/wp-json\/wp\/v2\/pages\/44\/revisions"}],"predecessor-version":[{"id":322,"href":"https:\/\/cukitorta.hu\/index.php\/wp-json\/wp\/v2\/pages\/44\/revisions\/322"}],"wp:featuredmedia":[{"embeddable":true,"href":"https:\/\/cukitorta.hu\/index.php\/wp-json\/wp\/v2\/media\/271"}],"wp:attachment":[{"href":"https:\/\/cukitorta.hu\/index.php\/wp-json\/wp\/v2\/media?parent=44"}],"curies":[{"name":"wp","href":"https:\/\/api.w.org\/{rel}","templated":true}]}}

Bemutatkozás

<p>Vállalom egyedi torták készítését saját elképzelések alapján. Formatorták, fényképes torták és ünnepi különleges torták egyedi elképzelés alapján.</p>
<p>Fényképes tortákat a kívánt fénykép alapján a választott formájú és ízű édességre, amely igazi meglepetés lehet az ünnepeltnek.</p>
<p>Tekintettel arra, hogy egyedi torták készítésével foglalkozom, a beérkezett ajánlatkérések nem minősülnek megrendelésnek. Honlapon nem tartalmaz fogyasztói árakat, mivel minden rendelésünk egyedi az ár megállapítása is kizárólag az igények felmérését követően történik</p>

<p>Vállalom egyedi torták készítését saját elképzelések alapján. Formatorták, fényképes torták és ünnepi különleges torták egyedi elképzelés alapján. Fényképes tortákat a kívánt fénykép alapján a választott formájú és ízű édességre, amely igazi meglepetés lehet az ünnepeltnek. Tekintettel arra, hogy egyedi torták készítésével foglalkozom, a beérkezett ajánlatkérések &hellip; </p>
